f - 18*f + 10624. List the prime factors of f.
2, 83
List the prime factors of (-1*2 - (-484)/231) + 49601365/1155.
3, 5, 7, 409
What are the prime factors of ((-110)/(-33))/((-10)/(-12)) + 9841?
5, 11, 179
Let f = 32 - 0. Suppose 0 = -f*i + 27*i + 20. Suppose z + i = 0, -5*z + z = 3*m - 275. What are the prime factors of m?
97
Let h be (-4 - 2 - 2)*-18. Suppose -896 = 2*y - h. What are the prime factors of (-5)/2*y/5?
2, 47
Let c(q) = -5*q**3 + 5*q**2 - q - 11. Let u be c(4). What are the prime factors of (u - -3)/(-2) - 4?
2, 61
Let j be -1*(-8 + (-18)/(-3)). Suppose h - 1773 = -3*u, 3*h + j*u = 7*u + 5361. What are the prime factors of h?
2, 3, 11
Let b(s) be the third derivative of -641*s**4/24 - 23*s**3/3 + 2*s**2 + 64*s. What are the prime factors of b(-2)?
2, 3, 103
What are the prime factors of (1638/104 - 23)/((-2)/336)?
2, 3, 7, 29
Let n be 1/((14/(-4893))/((-16)/6)). Let j = -462 + n. List the prime factors of j.
2, 5, 47
Let o(f) = 12*f - 30. Let p be o(7). Let v = -25 + p. List the prime factors of v.
29
Let q be (0 - -2)/(28/294). Let p = q + 6. Suppose p - 207 = -3*u. What are the prime factors of u?
2, 3, 5
Let v(m) be the third derivative of -5*m**4/12 + m**3/6 + 7*m**2. Let k be v(-3). Let x = k - -113. What are the prime factors of x?
2, 3
Suppose z = 4*z + 2*d - 5, 4 = -2*d. Suppose -4*t - 20 = -4*g, 0 = -2*g + 5 + 5. Suppose z*h - 16 - 11 = t. What are the prime factors of h?
3
Suppose -4*j + 3*t + 1 = -0, -4*j - 3*t = 17. Let c be 6 + (1 + 0)*j. Suppose -c*f + 7*f - 141 = -3*u, 5*u + 143 = 4*f. What are the prime factors of f?
2, 3, 7
Suppose 2*j = -4*i - 22, -3*j - 26 - 4 = 5*i. Let f be (-69)/(-21) + i + (-4793)/(-7). Suppose 0 = 17*r - 22*r + f. List the prime factors of r.
137
Let k = -13 + 23. Let r = 27 + -2. List the prime factors of (-156)/k*r/10*-2.
2, 3, 13
Suppose -31*w + 4902 = -165009. What are the prime factors of w?
3, 7, 29
Let j(p) = -6*p + 70. Let a(y) = 18*y - 209. Let l(s) = 4*a(s) + 11*j(s). What are the prime factors of l(14)?
2, 3
Let f = -104 - -104. Suppose -3*p = -9*z + 6*z - 1239, p - 3*z - 409 = f. List the prime factors of p.
5, 83
Suppose -2*m = -5*k - 117609, -225*m = -228*m - k + 176337. What are the prime factors of m?
2, 3, 97, 101
Let l = -33 + 43. Suppose 81 - 691 = -l*u. What are the prime factors of u?
61
Suppose 3*i = -4*v - 796 + 5868, v - 1268 = -2*i. Let u = 1813 - v. List the prime factors of u.
5, 109
Suppose 13*i - 277968 = 65297. List the prime factors of i.
5, 5281
Suppose -11 + 595 = 4*l. Suppose 149*k - l*k = 2643. What are the prime factors of k?
881
Let l(y) = -y**2 + 6*y - 6. Let z be l(5). Let b be (-67)/1*2*(-17)/34. What are the prime factors of (b*1)/(0 + z/(-3))?
3, 67
Suppose 5*f - 646 = 3*n + 97, 2*f + 5*n - 322 = 0. Let a = 295 - f. List the prime factors of a.
2, 3
Suppose 2*g = 5*b - 327, 41*g - 36*g + 5*b + 730 = 0. Let a be (-1 - -5)*(4 - 67). Let j = g - a. List the prime factors of j.
101
Suppose 129955*j + 87995 = 129960*j. List the prime factors of j.
17599
Let v be -20*127*-8*(-5)/100. Let c = -670 - v. Suppose -k - n = k - c, 5*k = 5*n + 835. What are the prime factors of k?
3, 19
Suppose j + 5*w - 10 = 126, 4*w + 272 = 2*j. Let y = -57 + j. Let d = y - 48. List the prime factors of d.
31
Let v(l) = 108*l**2 + 5*l. List the prime factors of v(15).
3, 5, 13
Let i(s) = 3*s**3 - 7*s**2 - 9*s - 14. Let r be i(5). Let j = 157 - r. List the prime factors of j.
2
Let r be 10/(-3) - ((-10)/15)/(-1). Let a = 4 - r. Let m(y) = y**2 + y - 10. List the prime factors of m(a).
2, 31
Suppose 3*p - 254 = 634. What are the prime factors of ((-28)/7)/(-8)*1*p?
2, 37
Let r(m) = 1510*m**2 - 84*m - 633. What are the prime factors of r(-7)?
5, 23, 643
Let g(z) = -316*z - 2086. What are the prime factors of g(-53)?
2, 7331
Suppose -10817 - 35791 = -6*w. What are the prime factors of w?
2, 971
Suppose 4*b - 36 = r - 5*r, 5*r - b = 15. Suppose -u = -9*f + r*f - 66, -3*u + 68 = -5*f. What are the prime factors of (0 - -113)*f/(-13)?
113
Let f(i) = -2*i - 3*i**3 - 1 - 3 - 4*i**2 - 3. Let r(c) = c**2 + 22*c - 206. Let t be r(-29). List the prime factors of f(t).
2, 11
Suppose 5*h - 192 = 3*c + 368, 2*c = -3*h + 336. Suppose -h*g + 108*g + 1104 = 0. List the prime factors of g.
2, 3, 23
Let g be (-206)/(-30) - (-12)/90. Suppose -g*l + 6544 + 2367 = 0. List the prime factors of l.
19, 67
Let k(s) = -7*s - 3. Let y be k(-1). Suppose y*d = -4*a + 636, 3*a = 3*d + 132 + 339. What are the prime factors of a?
2, 79
Suppose -5*f + 4*g + 1433 = 0, -3*f = -11*g + 14*g - 849. Suppose -2*l + 6*l = -16, -3*l = 2*i + 6. Suppose -i*u = 2*u - f. List the prime factors of u.
3, 19
Suppose i = -6 - 203. Let x = 727 + i. What are the prime factors of x?
2, 7, 37
Let a(t) = 10*t**2 + 126*t + 70. List the prime factors of a(39).
2, 23, 439
Suppose 15*v + 1607368 = 71*v. What are the prime factors of v?
28703
Let i(q) = -92*q**2 - 5*q - 8. Let b(y) = -92*y**2 - 6*y - 9. Let u(k) = 2*b(k) - 3*i(k). What are the prime factors of u(-2)?
2, 23
Let g be (-1)/5 - (-11166)/30. Let r = 564 - g. What are the prime factors of r?
2, 3
Let c = 28 - 31. Let a be (-14 - (c - -1))*(-34)/8. Suppose 5*s - 255 = 3*o - 7*o, -s + a = 3*o. What are the prime factors of s?
3, 17
Let g(o) = o**3 + 10*o**2 + o - 17. Suppose 3*p - 51 = -3*w + 7*w, 2*w - p + 23 = 0. Let d be g(w). Let t = d - -107. What are the prime factors of t?
2, 3
Let l(v) = -v**3 - 7*v**2 + 9*v + 13. Let j be l(-8). Suppose j*a + 100 = 2*o - 0, -a = 5*o - 250. What are the prime factors of (184/(-115))/(1*(-4)/o)?
2, 5
Let u(b) = -2*b**2 - 14*b + 648. Let v(a) = 3*a**2 + 16*a - 646. Let r(h) = 4*u(h) + 3*v(h). List the prime factors of r(0).
2, 3, 109
Let m(p) = -8*p - 38*p**2 + 23*p + p**3 + 63*p**2 + 82 + 0*p**3. What are the prime factors of m(-24)?
2, 149
Suppose 0 = -14*h + 9*h - 5. Let b be 0/(2 - h) + 300. Suppose 0 = -15*l + 5*l + b. What are the prime factors of l?
2, 3, 5
Suppose t = 49*x - 44*x - 1526, 5*x - 4558 = 3*t. What are the prime factors of (0 - 1)*(t + -3)/7?
7, 31
Suppose -2*t + 11006 = -156*g + 154*g, 16514 = 3*t - 4*g. What are the prime factors of t?
2, 2749
Let o(m) = -1304*m - 2465. What are the prime factors of o(-10)?
3, 5, 47
Suppose 2*r - 4*d = 156, -3*r + 4*d = 7*d - 216. Suppose 65*q + 639 = r*q. What are the prime factors of q?
71
Let y = -5 - -9. Suppose -28 + 40 = y*t. What are the prime factors of -2 - -204 - (-1)/(t/(-12))?
2, 3, 11
Let m(d) be the second derivative of -d**5/2 - 7*d**4/12 - d**3 - 3*d**2/2 + 79*d. List the prime factors of m(-4).
3, 61
Let n(d) be the third derivative of -d**5/60 - d**4/8 + 2*d**3/3 + 10*d**2. Let a be n(-4). Suppose 22 = -a*h + 2*h. What are the prime factors of h?
11
Let o(g) = g + g**2 - g + 16 - 8*g. Let p be o(5). List the prime factors of 40/(p - (-3)/(-6)).
2, 5
Suppose 2*c = -4*h + 816, -5*c + 186 = 2*h - 214. Let q = 160 + h. List the prime factors of q.
5, 73
Let c = 30 - 130. Let q = c + 122. List the prime factors of 16/3 + q/33.
2, 3
Let l be (1208/(-6))/(9 + 261/(-27)). Suppose 3*a - 326 = -3*s + 265, -3*s + 599 = a. Let q = l - s. List the prime factors of q.
101
Let o(u) = 32*u**2 - 58*u - 446. What are the prime factors of o(25)?
2, 31, 73
Let j(f) = -f**2 - 16*f + 19. Let v be j(-17). Suppose -m = -2*q - 7, 2*m - 5*q = 15 - v. Suppose h - 19 + m = 0. What are the prime factors of h?
2, 5
Suppose 4*u - 5*q - 1321 = -8*q, -5*u - 5*q = -1650. Suppose u = c - 67. List the prime factors of c.
2, 199
Let w be (28/8)/(686/(-392)). Let i(m) = -2 + 0 + 1 - 57*m. List the prime factors of i(w).
113
Suppose -5*b = -0*b - 10. Suppose -2*x + 0*x - b*p = 74, p = x + 41. Let r = -29 - x. List the prime factors of r.
2, 5
Let v be (2/(-4))/((-7)/(-30240)*9). Let b = -161 - v. List the prime factors of b.
79
Suppose 8*w - 2*w + 66 = 0. Let t(n) = -37*n + 359. List the prime factors of t(w).
2, 383
Let b(f) = -2*f**2 + 15*f - 15. Let g be b(7). List the prime factors of 1457 + 1 - (g - 24/(-2)).
2, 727
List the prime factors of 1*(-125065)/(-45) + -7*(-8)/(-252).
7, 397
Let u(w) be the third derivative of -2*w**6/15 - w**5/30 - w**4/12 + w**3/3 - w**2 - 194*w. Let m be -4 + 1*(-2 + 4). What are the prime factors of u(m)?
2, 3, 7
List the prime factors of 4/(-6)*89/((-2403)/609606